y c?
18
Suppose 189 = 13*z + 7. Calculate the remainder when 69 is divided by z.
13
Calculate the remainder when -2 + (-8)/(24/(-171)) is divided by 12.
7
Let y = 36 + -90. What is the remainder when 37 is divided by (-552)/y - 4/18?
7
Let f(t) = t**2 + 6*t + 18. What is the remainder when f(-9) is divided by 24?
21
Suppose 28 = 2*v - 0*v. Let q be ((-70)/(-6))/((-1)/3). Let t = q + 89. What is the remainder when t is divided by v?
12
Let a be (0 - -19) + -1 + 0. Let w be 4/a + 68/18. Suppose -3*o - 4*b + 64 = 0, w*b = -b + 5. Calculate the remainder when o is divided by 11.
9
Suppose 8 = 5*s - 17. What is the remainder when 7 is divided by s?
2
Suppose s + 5*w + 0 = 6, -4*s - 3*w = -24. What is the remainder when 15 is divided by s?
3
Let c(g) = g + 9 - 3 + 0*g + 1. What is the remainder when 22 is divided by c(5)?
10
Let c(k) = 2*k**2 - 5*k + 2. Let p = 10 + -6. Calculate the remainder when c(p) is divided by 8.
6
Let f(x) = 2*x**2 - 5*x + 4. Calculate the remainder when 30 is divided by f(3).
2
Let m(d) = -d**2. Let z(f) = 8*f**2 + 2*f - 3. Let u(t) = 4*m(t) + z(t). What is the remainder when -4*(49/(-4) - 0) is divided by u(2)?
15
Let a(n) = 2*n + 17. Calculate the remainder when a(0) is divided by 6.
5
Let f(h) = 6*h + 4. Suppose -a + 5*x = x + 20, 0 = 2*a - 5*x + 34. Calculate the remainder when f(5) is divided by (3 - 0)/((-3)/a).
10
Suppose 5*v - 4*t - 85 = 0, 4*t = -v - v + 6. What is the remainder when 21 is divided by v?
8
Calculate the remainder when 47 is divided by ((-54)/10)/(84/(-20) + 4).
20
Let w = 12 + -4. Let q(y) = 56*y - 2. Let i be q(2). Calculate the remainder when i/8 + (-1)/(-4) is divided by w.
6
Suppose -33 = -4*u + 7*u. What is the remainder when 51 is divided by (u - -30) + 2/(-2)?
15
Suppose 2*l - 4*l = -18. Calculate the remainder when 60 is divided by l.
6
Let r be ((-15)/6 + 3)*-24. Suppose -3*m + 5*p = -8*m + 145, 0 = 4*m - 2*p - 92. Let i = m - r. Calculate the remainder when i is divided by 13.
11
Let j = -4 + 14. Suppose l - j = -0*l. Let i(m) = 4*m**3 + m**2 + 2*m - 1. What is the remainder when i(2) is divided by l?
9
Let n(d) = d**2 - 5*d + 8. Let g be n(7). Let l = g - 6. What is the remainder when 31 is divided by l?
15
Suppose 142 = 14*h + 2. What is the remainder when 78 is divided by h?
8
Calculate the remainder when 24 is divided by ((-40)/(12/(-3)) - -3)/1.
11
Let h(y) = -y + 2. What is the remainder when h(-7) is divided by 5?
4
Suppose -3*f = 2*f. Suppose d + 1 = y, 6 + 19 = -5*d. Calculate the remainder when 12 is divided by (f + (-2)/y)*10.
2
Suppose -141 = -5*m + 2*m. Suppose 0 = -3*i + m + 55. Calculate the remainder when i is divided by 1/(0 - (-2)/36).
16
Let p(g) be the third derivative of -g**6/120 - g**5/12 + g**4/8 + g**3 + g**2. Calculate the remainder when p(-6) is divided by 1/2*4 - -11.
11
Let t = 26 + -18. Let r(z) be the third derivative of -z**6/120 + z**5/15 + z**4/24 + z**3/2 - 3*z**2. What is the remainder when r(3) is divided by t?
7
Suppose 4*r = -33 + 421. Let p = r - 46. Calculate the remainder when p is divided by 27.
24
Let n = -14 + 26. Suppose 0 = 5*h - 3 - n, 5*h - 119 = -4*o. Suppose -q - 7 = 3*t - 1, q - 5*t = o. Calculate the remainder when 11 is divided by q.
5
Suppose 2*y = -3*y - 10. Let r be ((-10)/y - 0) + 0. Let f = r - -8. What is the remainder when 37 is divided by f?
11
Let x = -34 + 45. Calculate the remainder when x is divided by 3.
2
Let k(z) = 6*z - 1. Let r(j) = -j**2 + 7*j - 3. Let h be r(5). Let x be k(h). Suppose 5*v + 1 = x. What is the remainder when 15 is divided by v?
7
Let l(p) = -p**3 - 5*p**2 + p + 4. Let r be l(-5). Suppose 0 = z + 2*z - 81. What is the remainder when z is divided by 13 - r*(0 + 1)?
13
Let z(a) = 3*a + 3. Let x be z(4). Suppose -5*g = x, -3*g = 3*s + s - 19. Suppose -r = -4 - s. What is the remainder when 31 is divided by r?
9
Let k(z) = -z + 2. Let s = -12 - -4. What is the remainder when 29 is divided by k(s)?
9
Suppose 0*w + 3*w - 132 = 0. What is the remainder when w is divided by 12?
8
Suppose p - 3*p = i - 4, -3*p = 3*i - 3. Suppose -3*g = -2*d + 10, 5*d + 1 = 3*g - 2*g. Let z = 6 + g. What is the remainder when p is divided by z?
1
Let m = 4 + 24. Calculate the remainder when m is divided by 5/(((-21)/(-9))/7).
13
Suppose 4*q - 3*q - 11 = 0. Calculate the remainder when 43 is divided by q.
10
Let z = -9 + -7. Let d(a) = -a**3 - 2*a**2 - 6*a - 1. Let o be d(-3). Let r = z + o. Calculate the remainder when 28 is divided by r.
8
Suppose 5*j - 143 = 5*v + 122, 5*j - 2*v = 271. Let t be (-2)/((-1)/6*3). Let a = t - -15. Calculate the remainder when j is divided by a.
17
Suppose 74*y - 456 = 71*y. Calculate the remainder when y is divided by 26.
22
Suppose 2*j + 1 = 31. Let q = j + -10. Suppose -5*p + 5 = -5. What is the remainder when q is divided by p?
1
Calculate the remainder when (14/(-4))/7*-36 is divided by 7.
4
Let f(d) = -d**2 - 7*d - 4. Let m be f(-6). Suppose -m = 2*p, -h - 3*p - p + 61 = 0. What is the remainder when h is divided by 22?
21
What is the remainder when 5 is divided by (5 - (-65)/(-15))/((-3)/(-18))?
1
Let c(m) = m**2 - 2*m. Let k be c(2). Suppose 4*n + y - 376 + 101 = k, 4*y - 272 = -4*n. What is the remainder when n is divided by 18?
15
Let c be (-1)/(-2 + 21/12). Suppose 2*n = 3*n + 3, -c*n = -o + 16. Calculate the remainder when 10 is divided by o.
2
Let g = -29 - -54. Calculate the remainder when g is divided by 13.
12
Suppose 23 = k + y, -30 - 43 = -3*k + y. Suppose 0 = 4*o - 2*o - k. Calculate the remainder when 46 is divided by o.
10
Let v(g) = -16*g + 2. What is the remainder when v(-2) is divided by 12?
10
Suppose 4*y = 7*y - 147. Calculate the remainder when y is divided by 13.
10
What is the remainder when 88 is divided by (6 + 9)*2/3?
8
Let g(r) = r**2 + 3*r + 9. What is the remainder when g(-9) is divided by 8?
7
Suppose 0 = -h - 2 + 7. Calculate the remainder when 17 is divided by h.
2
Suppose 2*x + 0*x - 2 = 0, 2*x = -3*z + 35. What is the remainder when (-24)/84 + (-284)/(-14) is divided by z?
9
Let j(a) = -2*a**2 + 4*a. Let o be j(-4). Let g = -21 - o. What is the remainder when g is divided by 7?
6
Calculate the remainder when (60/(-16))/(6/(-32)) is divided by 11.
9
Suppose 4*o = -o - 5. What is the remainder when 1/o*4 + 98 is divided by 24?
22
Let t(d) = d + 4. Calculate the remainder when 11 is divided by t(3).
4
Suppose -5*w = -0*w. What is the remainder when (-82)/(2/(-1)) - w is divided by 11?
8
Suppose -3*n = -v + 3, 3*v - 9 = -5*n + 2*n. Suppose 2*f - 3*t - 31 = 0, 0 = -n*f - 3*f - 4*t + 21. What is the remainder when f is divided by 6?
5
Let v(i) = -i**3 + 4*i**2 + 6*i + 6. Let j(s) = -s - 2. Let d be j(-3). Calculate the remainder when (d/(-3) + 0)*-93 is divided by v(5).
9
Let y(z) = z**3 + 5*z**2 - 6*z + 1. Let v be y(-5). Let o = -18 + v. Calculate the remainder when o is divided by 5.
3
Suppose -2*x - 36 = -4*x. What is the remainder when 88 is divided by x?
16
Let f(i) = 0*i**2 + 43 + i**2 - 12 + i. Calculate the remainder when f(0) is divided by 8*(-2)/(-6)*6.
15
Let w(n) = -n + 10. Let k be w(7). Suppose 4*s - 5*t = -2 - k, 3*t = -5*s + 40. Calculate the remainder when 12 is divided by s.
2
Suppose 38 = d - 21. Calculate the remainder when d is divided by 15.
14
Let i = 21 + -14. Suppose -2*u + 24 = -u. Let b = 44 - u. Calculate the remainder when b is divided by i.
6
Suppose 8*d = 1 + 207. Let v = -1 - -8. Calculate the remainder when d is divided by v.
5
Let f(c) = c**2 - 4*c - 7. Let b = -80 - -135. Calculate the remainder when b is divided by f(7).
13
Let m be 12/(-78) - (-56)/26. Let d be (-65)/(-10) + 1/m. Calculate the remainder when (-2)/d + 30/7 is divided by 3.
1
Suppose -9*t + 6*t + i + 135 = 0, -3*t - i = -135. Calculate the remainder when t is divided by 8.
5
Let a(u) = -15*u. Calculate the remainder when 88 is divided by a(-1).
13
Let w = -37 + 62. What is the remainder when 74 is divided by w?
24
Suppose 5*g = -2*o - 21, 44 = -5*o - 3*g - g. Let w(f) = -f**2 - 10*f + 1. Let h = 2 - -4. What is the remainder when w(o) is divided by h?
5
Let w(h) = -h**2 - 10*h - 7. Calculate the remainder when w(-6) is divided by 6.
5
Let v be (1 - 2/(-2)) + 40. Suppose 4*h + 48 = c - 27, 0 = -5*h - 20. Let i = c - v. Calculate the remainder when i is divide